{"id":205,"date":"2023-08-06T09:57:13","date_gmt":"2023-08-06T09:57:13","guid":{"rendered":"https:\/\/appstop.roosisbr.cloud\/appsdesktop\/?post_type=product&#038;p=205"},"modified":"2026-02-16T18:35:27","modified_gmt":"2026-02-16T18:35:27","slug":"pdv-vendas-ativacao-bianual","status":"publish","type":"product","link":"https:\/\/appstop.roosisbr.cloud\/appsdesktop\/produto\/pdv-vendas-ativacao-bianual\/","title":{"rendered":"PDV VENDAS &#8211; ATIVA\u00c7\u00c3O BIANUAL"},"content":{"rendered":"<p><strong><span style=\"color: #ff6600;\">ESSE PLANO \u00e9 uma ASSINATURA para ATIVA\u00c7\u00c3O DO PDV<\/span><\/strong>&#8230; O Pagamento \u00e9 recorrente a cada <strong>24 meses<\/strong> para manter o <strong><span style=\"color: #ff6600;\">PDV<\/span><\/strong> ATIVADO&#8230; A renova\u00e7\u00e3o da assinatura que ATIVA e libera todas as fun\u00e7\u00f5es do <span style=\"color: #ff6600;\"><strong>PDV<\/strong><\/span>, depende do pagamento com recorr\u00eancia <strong>BIANUAL<\/strong>.<\/p>\n<p><span style=\"color: #ff6600;\"><strong>A ATIVA\u00c7\u00c3O do PDV<\/strong><\/span> \u00e9 simples, e \u00e9 feita dentro do pr\u00f3prio APLICATIVO SISCONT\u00c1BIL IA&#8230; O sistema precisa da internet para se comunicar com o painel do cliente no site ROOSIS&#8230;<\/p>\n<p><strong><span style=\"color: #800000;\">ATEN\u00c7\u00c3O:<\/span> <\/strong><span style=\"color: #ff0000;\">Sem conex\u00e3o online com a internet o sistema n\u00e3o tem como ser ativado<\/span>&#8230;<\/p>\n<p>Com a conex\u00e3o da internet ok, o sistema ent\u00e3o se comunica com sua conta na <strong>plataforma ROOSIS<\/strong>, E caso a sua assinatura esteja com o pagamento ok, a tela <strong><span style=\"color: green;\">PDV VENDAS<\/span><\/strong> \u00e9 ativada, mas caso a assinatura esteja com pagamento pendente, a tela <strong><span style=\"color: green;\">PDV VENDAS<\/span><\/strong> n\u00e3o \u00e9 ativada.<\/p>\n<p><strong><span style=\"color: #ff6600;\">A ATIVA\u00c7\u00c3O ou BLOQUEIO<\/span><\/strong>, afeta apenas a tela <strong><span style=\"color: green;\">PDV para novas VENDAS<\/span><\/strong>\u2026 <span style=\"color: green;\">Todas as outras fun\u00e7\u00f5es do sistema <strong>ficam sempre ativas, nunca s\u00e3o bloqueadas<\/strong><\/span>, <strong>mesmo que a assinatura esteja com o pagamento pendente<\/strong>\u2026 Isso significa, que ao usar o sistema, <strong>o usu\u00e1rio sempre tem acesso a tudo que j\u00e1 fez ou lan\u00e7ou no sistema, mesmo que a tela <span style=\"color: green;\">PDV VENDAS<\/span> esteja bloqueada para novas vendas<\/strong>, tudo que j\u00e1 tenha lan\u00e7ado no sistema \u00e9 acess\u00edvel sempre, o usu\u00e1rio sempre tem acesso completo as vendas e or\u00e7amentos j\u00e1 realizado, ao estoque, a lista de clientes, impress\u00e3o das O.S das vendas e or\u00e7amentos, ao backup, etc\u2026 Ou seja\u2026 <strong>Tudo continua sempre ativo para uso vital\u00edcio<\/strong>, apenas as p\u00e1gina de lan\u00e7amento de vendas do <strong><span style=\"color: green;\">PDV VENDAS<\/span><\/strong> \u00e9 bloqueado para novos lan\u00e7amentos&#8230; Para liberar novos lan\u00e7amentos, basta est\u00e1 em dia com seu plano no site&#8230; Para ativar e realizar novas vendas, \u00e9 simples, e tudo \u00e9 dentro do sistema mesmo&#8230; Abrar o sistema, fa\u00e7a login&#8230; Na p\u00e1gina de Menu Inicial, clicar no bot\u00e3o: Links para Ativar o Sistema, em seguida v\u00e1 na aba ATIVA PDV, acesse sua conta com seu login e senha, ver\u00e1 as informa\u00e7\u00f5es do plano e data de vencimento, ent\u00e3o clique no bot\u00e3o para capturar a data de vencimento&#8230; Feito isso a ativa\u00e7\u00e3o \u00e9 autom\u00e1tica.\u00a0 Simples assim.<\/p>\n","protected":false},"excerpt":{"rendered":"<p><strong><span style=\"color: #ff6600;\">Plano pagamento recorrente<\/span> <span style=\"color: #008000;\">BIANUAL (24 meses)<br \/>\n<\/span><\/strong>Acesso completo\u00a0ao <strong><span style=\"color: #3366ff;\">PDV SIS-COVES<\/span><\/strong> do sistema <span style=\"color: #3366ff;\"><strong>SISCONT\u00c1BEL <span style=\"color: #0000ff;\">IA (Intuitivo Autom\u00e1tico)<\/span><\/strong><\/span><\/p>\n<p>PDV <strong><span style=\"color: #808080;\">SIS-<\/span><span style=\"color: #666699;\">COVES<\/span><\/strong>: <span style=\"color: #808080;\">Sistema de Controle de Or\u00e7amentos, Vendas, Estoque e Servi\u00e7os<\/span>.<\/p>\n","protected":false},"featured_media":103147,"template":"","meta":[],"product_brand":[],"product_cat":[17],"product_tag":[],"class_list":{"0":"post-205","1":"product","2":"type-product","3":"status-publish","4":"has-post-thumbnail","6":"product_cat-cat-planos-siscontabil-ia-pdv","7":"wpbf-post","10":"instock","11":"sale","12":"downloadable","13":"virtual","14":"sold-individually","15":"purchasable","16":"product-type-subscription"},"_links":{"self":[{"href":"https:\/\/appstop.roosisbr.cloud\/appsdesktop\/wp-json\/wp\/v2\/product\/205","targetHints":{"allow":["GET"]}}],"collection":[{"href":"https:\/\/appstop.roosisbr.cloud\/appsdesktop\/wp-json\/wp\/v2\/product"}],"about":[{"href":"https:\/\/appstop.roosisbr.cloud\/appsdesktop\/wp-json\/wp\/v2\/types\/product"}],"version-history":[{"count":7,"href":"https:\/\/appstop.roosisbr.cloud\/appsdesktop\/wp-json\/wp\/v2\/product\/205\/revisions"}],"predecessor-version":[{"id":103163,"href":"https:\/\/appstop.roosisbr.cloud\/appsdesktop\/wp-json\/wp\/v2\/product\/205\/revisions\/103163"}],"wp:featuredmedia":[{"embeddable":true,"href":"https:\/\/appstop.roosisbr.cloud\/appsdesktop\/wp-json\/wp\/v2\/media\/103147"}],"wp:attachment":[{"href":"https:\/\/appstop.roosisbr.cloud\/appsdesktop\/wp-json\/wp\/v2\/media?parent=205"}],"wp:term":[{"taxonomy":"product_brand","embeddable":true,"href":"https:\/\/appstop.roosisbr.cloud\/appsdesktop\/wp-json\/wp\/v2\/product_brand?post=205"},{"taxonomy":"product_cat","embeddable":true,"href":"https:\/\/appstop.roosisbr.cloud\/appsdesktop\/wp-json\/wp\/v2\/product_cat?post=205"},{"taxonomy":"product_tag","embeddable":true,"href":"https:\/\/appstop.roosisbr.cloud\/appsdesktop\/wp-json\/wp\/v2\/product_tag?post=205"}],"curies":[{"name":"wp","href":"https:\/\/api.w.org\/{rel}","templated":true}]}}